{"id":717,"date":"2020-09-20T15:35:27","date_gmt":"2020-09-20T13:35:27","guid":{"rendered":"http:\/\/www.monsoti.fr\/?page_id=717"},"modified":"2024-05-27T21:58:27","modified_gmt":"2024-05-27T19:58:27","slug":"blog-2","status":"publish","type":"page","link":"https:\/\/www.monsoti.fr\/index.php\/blog-2\/","title":{"rendered":"Blog"},"content":{"rendered":"<div class=\"wp-block-image\">\n<figure class=\"alignleft\"><img decoding=\"async\" width=\"284\" height=\"376\" src=\"http:\/\/www.monsoti.fr\/wp-content\/uploads\/2019\/01\/prix-moniteur-test1-1.jpg\" alt=\"\" class=\"wp-image-214\" srcset=\"https:\/\/www.monsoti.fr\/wp-content\/uploads\/2019\/01\/prix-moniteur-test1-1.jpg 284w, https:\/\/www.monsoti.fr\/wp-content\/uploads\/2019\/01\/prix-moniteur-test1-1-227x300.jpg 227w\" sizes=\"(max-width: 284px) 100vw, 284px\" \/><\/figure><\/div>\n\n\n<p><em><strong>Monsoti B\u00e2timent prim\u00e9e 1\u00e8re entreprise d&rsquo;Ile de France.<\/strong><\/em><\/p>\n\n\n\n<p><em><strong>L&rsquo;organisation rigoureuse de la soci\u00e9t\u00e9 a permis d\u2019obtenir le Prix Moniteur de la construction Cat\u00e9gorie Second \u0153uvre en 2012.<\/strong><\/em><\/p>\n\n\n\n<p><em>Sp\u00e9cialis\u00e9e en ma\u00e7onnerie, carrelage, pl\u00e2trerie et activit\u00e9 tous corps d\u2019\u00e9tat pour la r\u00e9novation d\u2019appartements, la soci\u00e9t\u00e9 Monsoti s\u2019est organis\u00e9e pour r\u00e9pondre rapidement \u00e0 la demande de ses donneurs d\u2019ordres en quelques jours&nbsp;: \u00e9quipes fiables, constitution de stocks de mat\u00e9riaux dans ses d\u00e9p\u00f4ts, politique de qualification des salari\u00e9s, et enfin, implication tr\u00e8s active des deux dirigeants.<\/em><\/p>\n\n\n\n<p><em>L\u2019objectif n\u2019est pas de progresser en taille \u00e0 tout prix, mais \u00ab&nbsp;d\u2019abord de conserver la v\u00e9locit\u00e9 et la qualit\u00e9 de notre travail&nbsp;\u00bb.<\/em><\/p>\n\n\n<div class=\"wp-block-image\">\n<figure class=\"alignright size-large is-resized\"><img decoding=\"async\" src=\"http:\/\/www.monsoti.fr\/wp-content\/uploads\/2020\/09\/Capture-de\u0301cran-2020-09-15-a\u0300-13.15.47.png\" alt=\"\" class=\"wp-image-722\" width=\"205\" height=\"82\" srcset=\"https:\/\/www.monsoti.fr\/wp-content\/uploads\/2020\/09\/Capture-de\u0301cran-2020-09-15-a\u0300-13.15.47.png 580w, https:\/\/www.monsoti.fr\/wp-content\/uploads\/2020\/09\/Capture-de\u0301cran-2020-09-15-a\u0300-13.15.47-300x119.png 300w\" sizes=\"(max-width: 205px) 100vw, 205px\" \/><\/figure><\/div>\n\n\n<p><br><br><br><br><\/p>\n\n\n<div class=\"wp-block-image\">\n<figure class=\"alignright\"><img decoding=\"async\" src=\"http:\/\/www.monsoti.fr\/wp-content\/uploads\/2020\/09\/Capture-d\u2019\u00e9cran-2020-09-15-\u00e0-13.15.47-300x119.png\" alt=\"\" class=\"wp-image-477\"\/><\/figure><\/div>\n\n\n<blockquote class=\"wp-block-quote is-layout-flow wp-block-quote-is-layout-flow\">\n<p><strong>&nbsp; <em>\u00a0\u00bb La Qualit\u00e9 est votre exigence, le b\u00e2timent est notre savoir-faire \u00ab\u00a0<\/em><\/strong><\/p>\n<\/blockquote>\n","protected":false},"excerpt":{"rendered":"<p>Monsoti B\u00e2timent prim\u00e9e 1\u00e8re entreprise d&rsquo;Ile de France. L&rsquo;organisation rigoureuse de la soci\u00e9t\u00e9 a permis d\u2019obtenir le Prix Moniteur de la construction Cat\u00e9gorie Second \u0153uvre en 2012. Sp\u00e9cialis\u00e9e en ma\u00e7onnerie, carrelage, pl\u00e2trerie et activit\u00e9 tous corps d\u2019\u00e9tat pour la r\u00e9novation d\u2019appartements, la soci\u00e9t\u00e9 Monsoti s\u2019est organis\u00e9e pour r\u00e9pondre rapidement \u00e0 la demande de ses donneurs<\/p><\/div>\n<div class=\"blog-btn\"><a href=\"https:\/\/www.monsoti.fr\/index.php\/blog-2\/\" class=\"home-blog-btn\">Read More<\/a><\/p>\n","protected":false},"author":1,"featured_media":0,"parent":0,"menu_order":0,"comment_status":"closed","ping_status":"closed","template":"template\/template-contact.php","meta":{"footnotes":""},"_links":{"self":[{"href":"https:\/\/www.monsoti.fr\/index.php\/wp-json\/wp\/v2\/pages\/717"}],"collection":[{"href":"https:\/\/www.monsoti.fr\/index.php\/wp-json\/wp\/v2\/pages"}],"about":[{"href":"https:\/\/www.monsoti.fr\/index.php\/wp-json\/wp\/v2\/types\/page"}],"author":[{"embeddable":true,"href":"https:\/\/www.monsoti.fr\/index.php\/wp-json\/wp\/v2\/users\/1"}],"replies":[{"embeddable":true,"href":"https:\/\/www.monsoti.fr\/index.php\/wp-json\/wp\/v2\/comments?post=717"}],"version-history":[{"count":1,"href":"https:\/\/www.monsoti.fr\/index.php\/wp-json\/wp\/v2\/pages\/717\/revisions"}],"predecessor-version":[{"id":2139,"href":"https:\/\/www.monsoti.fr\/index.php\/wp-json\/wp\/v2\/pages\/717\/revisions\/2139"}],"wp:attachment":[{"href":"https:\/\/www.monsoti.fr\/index.php\/wp-json\/wp\/v2\/media?parent=717"}],"curies":[{"name":"wp","href":"https:\/\/api.w.org\/{rel}","templated":true}]}}