{"id":601,"date":"2020-09-17T21:21:36","date_gmt":"2020-09-17T19:21:36","guid":{"rendered":"http:\/\/www.monsoti.fr\/?page_id=601"},"modified":"2025-04-25T13:21:39","modified_gmt":"2025-04-25T11:21:39","slug":"nos-certifications","status":"publish","type":"page","link":"https:\/\/www.monsoti.fr\/index.php\/nos-certifications\/","title":{"rendered":"Pour la meilleure qualit\u00e9 de nos interventions"},"content":{"rendered":"\n<figure class=\"wp-block-image size-large\"><img decoding=\"async\" width=\"1024\" height=\"149\" src=\"https:\/\/www.monsoti.fr\/wp-content\/uploads\/2024\/07\/Logo-certifications-monsoti-1024x149.png\" alt=\"\" class=\"wp-image-2308\" srcset=\"https:\/\/www.monsoti.fr\/wp-content\/uploads\/2024\/07\/Logo-certifications-monsoti-1024x149.png 1024w, https:\/\/www.monsoti.fr\/wp-content\/uploads\/2024\/07\/Logo-certifications-monsoti-300x44.png 300w, https:\/\/www.monsoti.fr\/wp-content\/uploads\/2024\/07\/Logo-certifications-monsoti-768x112.png 768w, https:\/\/www.monsoti.fr\/wp-content\/uploads\/2024\/07\/Logo-certifications-monsoti-1536x224.png 1536w, https:\/\/www.monsoti.fr\/wp-content\/uploads\/2024\/07\/Logo-certifications-monsoti.png 1920w\" sizes=\"(max-width: 1024px) 100vw, 1024px\" \/><\/figure>\n\n\n\n<h1 class=\"wp-block-heading\"><\/h1>\n\n\n\n<div class=\"wp-block-group alignfull has-background\" style=\"background-color:#f5eac1;padding-top:6vw;padding-right:6vw;padding-bottom:6vw;padding-left:6vw\"><div class=\"wp-block-group__inner-container is-layout-flow wp-block-group-is-layout-flow\">\n<h6 class=\"wp-block-heading has-text-color\" id=\"ecosystem\" style=\"color:#000000;font-size:20px\"><strong>Depuis 2011, notre d\u00e9marche qualit\u00e9 et environnementale, soumise \u00e0 des audits annuels et une attention constante, nous a permis d&rsquo;optimiser nos process d&rsquo;organisation et d&rsquo;intervention.<\/strong><\/h6>\n\n\n\n<ul>\n<li style=\"font-style:normal;font-weight:400\"><h6><span style=\"font-size: revert; font-weight: revert;\">Nous disposons des <strong>qualifications professionnelles d\u00e9livr\u00e9es par QUALIBAT.<\/strong> <\/span><\/h6><\/li>\n\n\n\n<li style=\"font-style:normal;font-weight:400\"><h6><span style=\"font-size: revert; font-weight: revert;\">Nous sommes certifi\u00e9s&nbsp;<\/span><strong style=\"font-size: revert;\">Qualibat RGE \u00ab Reconnu Garant de l\u2019Environnement \u00bb.<\/strong><\/h6><\/li>\n\n\n\n<li style=\"font-style:normal;font-weight:400\"><h6><strong>Notre Syst\u00e8me de Management est certifi\u00e9 ISO 9001, <\/strong>qui \u00e9tablit les exigences relatives \u00e0 un Syst\u00e8me de Management de la Qualit\u00e9 (SMQ) et am\u00e9liore en permanence la satisfaction de nos clients. <a href=\"https:\/\/www.monsoti.fr\/wp-content\/uploads\/2024\/09\/certificat-9001-Monsoti-2024-27.jpg\">Certificat AFNOR ISO 9001<\/a><\/h6><\/li>\n\n\n\n<li style=\"font-style:normal;font-weight:400\"><h6><strong>Notre Syst\u00e8me de Management est \u00e9galement certifi\u00e9 ISO 14001<\/strong>, qui \u00e9tablit les exigences relatives \u00e0 un Syst\u00e8me de Management Environnemental (SME), permettant ainsi de r\u00e9duire et de ma\u00eetriser nos impacts quotidiens sur l&rsquo;environnement et de pr\u00e9server notre plan\u00e8te. <a href=\"https:\/\/www.monsoti.fr\/wp-content\/uploads\/2024\/09\/certificat-14001-Monsoti-2023-2026.jpg\" data-type=\"link\" data-id=\"https:\/\/www.monsoti.fr\/wp-content\/uploads\/2024\/09\/certificat-14001-Monsoti-2023-2026.jpg\">Certificat AFNOR ISO 14001<\/a><\/h6><\/li>\n\n\n\n<li style=\"font-style:normal;font-weight:400\"><h6><strong>MONSOTI B\u00e2timent est labellis\u00e9 Engag\u00e9 RSE au niveau Exemplaire par Afnor Certification<\/strong>. Nous sommes l&rsquo;une des premi\u00e8res entreprises fran\u00e7aises labellis\u00e9es <a href=\"https:\/\/www.monsoti.fr\/index.php\/engage-rse-exemplaire\/\" data-type=\"page\" data-id=\"2249\">\u00ab\u00a0Engag\u00e9 RSE\u00a0\u00bb et \u00ab\u00a0Responsability Europe\u00a0\u00bb au niveau Exemplaire<\/a>, le plus haut niveau de ce label, dans notre domaine d&rsquo;activit\u00e9. Conscients de l&rsquo;enjeu climatique et des objectifs de D\u00e9veloppement Durable promis par l&rsquo;ONU pour l&rsquo;agenda 2030, nous attestons de la maturit\u00e9 et la performance de notre syst\u00e8me de management pour r\u00e9pondre aux enjeux de demain et anticiper d\u00e8s aujourd&rsquo;hui l&rsquo;arriv\u00e9e de nos m\u00e9tiers bas carbone. <a href=\"https:\/\/www.monsoti.fr\/wp-content\/uploads\/2024\/09\/Attestation-rse-EXEMPLAIRE-Monsoti-2024-27.jpg\" data-type=\"link\" data-id=\"https:\/\/www.monsoti.fr\/wp-content\/uploads\/2024\/09\/Attestation-rse-EXEMPLAIRE-Monsoti-2024-27.jpg\">Attestation AFNOR Engag\u00e9 RSE Niveau Exemplaire<\/a>.<br><span style=\"color: #333333;\">Nous sommes \u00e9galement tr\u00e8s attach\u00e9s \u00e0 suivre notre <strong>Charte d\u2019Engagement RSE<\/strong> : <\/span><a style=\"font-weight: 400; font-size: 18px;\" href=\"https:\/\/www.monsoti.fr\/wp-content\/uploads\/2025\/04\/Charte-dengagement-2025.pdf\">Charte d&rsquo;engagement 2025<\/a><\/h6><\/li>\n\n\n\n<li style=\"font-style:normal;font-weight:400\"><h6><strong>L\u2019entreprise est certifi\u00e9e Qualigaz<\/strong>, qui permet de valider la conformit\u00e9 et la s\u00e9curit\u00e9 des installations de gaz domestique \u00e0 travers un certificat de conformit\u00e9<span style=\"font-size: inherit;\">.<\/span><\/h6><\/li>\n\n\n\n<li style=\"font-style:normal;font-weight:400\"><h6><span style=\"font-size: inherit;\">Nos \u00e9quipes sont form\u00e9es pour les travaux de d\u00e9plombage et de d\u00e9samiantage.<\/span><\/h6>\n<ul>\n<li style=\"font-style:normal;font-weight:400\"><h6><span style=\"font-size: inherit;\">Pour les travaux r\u00e9alis\u00e9s en milieu amiant\u00e9, nos entreprises sont des structures pilotes dans le protocole de gestion des op\u00e9rations amiante afin de garantir des interventions s\u00e9curis\u00e9es.<\/span><\/h6><\/li>\n\n\n\n<li style=\"font-style:normal;font-weight:400\"><h6>100% de notre effectif a \u00e9t\u00e9 form\u00e9 par le bureau V\u00e9ritas et a re\u00e7u l\u2019Attestation de formation officielle pour travailler en toute s\u00e9curit\u00e9 sur des mat\u00e9riaux contenant de l\u2019amiante et\/ou du plomb.<\/h6><\/li>\n<\/ul>\n<\/li>\n<\/ul>\n<\/div><\/div>\n\n\n\n<p class=\"has-black-color has-text-color has-link-color wp-elements-5a68ddafdc4a42fee65e6b739dd93451\" style=\"font-size:20px\"><em><strong>EN PARTENARIAT AVEC LES BAILLEURS SOCIAUX : ELOGIE\/SIEMP, RIVP, PARIS HABITAT\u2026 NOUS PARTICIPONS REGULIEREMENT A DES CAMPAGNES DE VALIDATION DE NOS MODES OPERATOIRES :<\/strong><\/em><\/p>\n\n\n\n<p><\/p>\n\n\n\n<figure class=\"wp-block-embed is-type-video is-provider-youtube wp-block-embed-youtube wp-embed-aspect-16-9 wp-has-aspect-ratio\"><div class=\"wp-block-embed__wrapper\">\n<iframe loading=\"lazy\" title=\"Amiante : bilan des chantiers tests dans le parc social francilien\" width=\"696\" height=\"392\" src=\"https:\/\/www.youtube.com\/embed\/cXWQe0CW6gs?feature=oembed\" frameborder=\"0\" allow=\"accelerometer; autoplay; clipboard-write; encrypted-media; gyroscope; picture-in-picture; web-share\" referrerpolicy=\"strict-origin-when-cross-origin\" allowfullscreen><\/iframe>\n<\/div><figcaption class=\"wp-element-caption\">Protocole amiante \u00e9tabli avec l\u2019OPPBTP\/CRAMIF<\/figcaption><\/figure>\n\n\n\n\n","protected":false},"excerpt":{"rendered":"<p>Depuis 2011, notre d\u00e9marche qualit\u00e9 et environnementale, soumise \u00e0 des audits annuels et une attention constante, nous a permis d&rsquo;optimiser nos process d&rsquo;organisation et d&rsquo;intervention. EN PARTENARIAT AVEC LES BAILLEURS SOCIAUX : ELOGIE\/SIEMP, RIVP, PARIS HABITAT\u2026 NOUS PARTICIPONS REGULIEREMENT A DES CAMPAGNES DE VALIDATION DE NOS MODES OPERATOIRES :<\/p>\n","protected":false},"author":1,"featured_media":0,"parent":0,"menu_order":0,"comment_status":"closed","ping_status":"closed","template":"template\/template-page-full-width.php","meta":{"footnotes":""},"_links":{"self":[{"href":"https:\/\/www.monsoti.fr\/index.php\/wp-json\/wp\/v2\/pages\/601"}],"collection":[{"href":"https:\/\/www.monsoti.fr\/index.php\/wp-json\/wp\/v2\/pages"}],"about":[{"href":"https:\/\/www.monsoti.fr\/index.php\/wp-json\/wp\/v2\/types\/page"}],"author":[{"embeddable":true,"href":"https:\/\/www.monsoti.fr\/index.php\/wp-json\/wp\/v2\/users\/1"}],"replies":[{"embeddable":true,"href":"https:\/\/www.monsoti.fr\/index.php\/wp-json\/wp\/v2\/comments?post=601"}],"version-history":[{"count":32,"href":"https:\/\/www.monsoti.fr\/index.php\/wp-json\/wp\/v2\/pages\/601\/revisions"}],"predecessor-version":[{"id":2382,"href":"https:\/\/www.monsoti.fr\/index.php\/wp-json\/wp\/v2\/pages\/601\/revisions\/2382"}],"wp:attachment":[{"href":"https:\/\/www.monsoti.fr\/index.php\/wp-json\/wp\/v2\/media?parent=601"}],"curies":[{"name":"wp","href":"https:\/\/api.w.org\/{rel}","templated":true}]}}